g(p) = p - 17. Suppose 0 = -2*c + 39 + 3. Let w = 15 - 13. Calculate the remainder when g(c) is divided by w.
0
Calculate the remainder when 3 + ((-23)/(-299)*-2 - 6671/(-13)) is divided by 12.
0
Let q = -47 + 78. Suppose -3*h - 19 + 48 = 2*m, 0 = -2*m - h + 31. What is the remainder when q is divided by m?
15
Let q(d) = -d**3 + 5*d**2 + 2*d + 5. Let n = -4617 + 4706. Calculate the remainder when n is divided by q(5).
14
Suppose 5*l - 109 - 51 = 0. Suppose -i = 3*v - l, 5*i + 32 - 82 = -4*v. Calculate the remainder when 86 is divided by v.
6
Let x = 3360 + -3351. Calculate the remainder when 45 is divided by x.
0
Suppose 5*h + 5*a = h + 8053, 2*h + 4*a - 4022 = 0. Let j = h + -1986. Suppose -d = -5 - 3. Calculate the remainder when j is divided by d.
7
Let t(y) = 203*y + 7141. Calculate the remainder when -1*(1 + 0)*-104 is divided by t(-35).
32
Suppose 5*t = -s - 3*s - 201, 0 = 2*s - t + 111. Let l = 123 + s. Suppose 19*p - 2*p = 306. What is the remainder when l is divided by p?
15
What is the remainder when 154 is divided by 2 + 1042/20 - (7 + 621/(-90))?
46
Let q = 1125 - 1093. Let o = 51 + -41. Calculate the remainder when q is divided by o.
2
Let o(g) = -g**2 - 19*g - 30. Let u(p) = 3*p - 46. Let n be u(11). What is the remainder when o(n) is divided by 25?
23
Suppose -27*z - 123 + 204 = 0. Calculate the remainder when 1134 is divided by z.
0
Suppose 5*u = -5*a + 55, -5*u - 2*a - a + 45 = 0. Let i(c) = 3*c + 28. What is the remainder when i(u) is divided by 20?
6
Suppose 339 = 150*i - 149*i. Let m = i - 313. What is the remainder when 91 is divided by m?
13
Suppose 0 = 45*h - 8*h - 3145. What is the remainder when 46440/140 + 4/14 is divided by h?
77
Let n be (-2 - -1)*(3 - 7). Let g = 89 + -53. What is the remainder when g is divided by 14 + (0 - 0) + (3 - n)?
10
Let n be (-3)/(1 - 98/92). Suppose 0 = 5*o - 2*o - 5*r - n, -4*o + 52 = -2*r. Let q = 33 - o. What is the remainder when 56 is divided by q?
14
Let s(n) = 88*n**2 - 105*n - 314. What is the remainder when s(-3) is divided by 254?
31
Let f(i) = -114*i - 19. Let o be 15/(-3) + 19 + -15. Calculate the remainder when 283 is divided by f(o).
93
Suppose 8*q + 4*b = 12*q - 3968, 5*b - 25 = 0. What is the remainder when q is divided by 59?
53
Let t(g) = -16*g - 282. Let k be t(-25). Suppose 4*d - 15*c - 224 = -11*c, 5*c = 2*d - k. What is the remainder when d is divided by 19?
16
Suppose 23*b + 39*b - 44022 = -13146. What is the remainder when b is divided by 10?
8
Let f be (3/3)/(2/270*1). Let a be ((-8)/(-5) + 0)/(6/f). Let k = a - -3. Calculate the remainder when k is divided by 22.
17
Suppose -l + 3*q + 7 = 0, -3*l + q + 7 = 6*q. Let x(s) = 0*s - 3 + l*s + 14. Calculate the remainder when 104 is divided by x(4).
23
Suppose 29*z - 1175 - 1116 = 0. What is the remainder when z is divided by 31?
17
Let l(y) = 15*y - 230. Let i be 585/35 - 8/(-28). Suppose -2*p + 38 = k - 30, 5*k - 347 = -3*p. What is the remainder when k is divided by l(i)?
20
Suppose 0 - 361 = -w - 5*i, 4*w - 1444 = 5*i. Let p = -93 + 185. What is the remainder when w is divided by p?
85
Suppose 10*u + 35 = 15*u. Suppose 0 = r - 3*m - 30, -5*m - 120 = -u*r + 2*r. Calculate the remainder when 39 is divided by r.
18
Let t be -3*2*(18 - 20). Suppose -2*f = 4*c - 58, t*c - 10*c = -2*f + 34. Calculate the remainder when 897 is divided by c.
9
Let t(i) = -2*i - 5. Calculate the remainder when (1 - (-11)/(-3))/((-1360)/7140) is divided by t(-4).
2
Suppose 4 = -4*j, 3*u + 5*j = 72 + 91. Suppose -3*x + g = -36, 3*g + 0 = 2*x - 17. Let r(v) = -2*v + 46. What is the remainder when u is divided by r(x)?
16
Suppose -2*p - 575*g + 7165 = -578*g, 3*g = -5*p + 17881. What is the remainder when p is divided by 1189?
11
Suppose 0 = 9917*n - 10032*n - 63776 + 617501. What is the remainder when n is divided by 1604?
3
Suppose -2127 = -9*f - 2370. Suppose -1 - 24 = 5*m. What is the remainder when 65 is divided by (-6)/f - m/(-90)*-626?
30
Suppose 112 - 1376 = -115*a + 231. What is the remainder when 407 is divided by a?
4
Let l be 90/(-2 - -5)*1/2. Suppose 3*f + l = -15. Let o(m) = -8*m - 32. Calculate the remainder when o(f) is divided by 13.
9
Let r(n) = n**2 - 1279*n + 65017. Suppose -5*c + 90 = 5*s, -4*c = -2*s + 13 + 35. What is the remainder when r(53) is divided by s?
19
Let a = -5 + 9. Suppose a*d = 2*r - 2, 4*d - 1 = r - 0*r. Let i = r - -10. What is the remainder when 22 is divided by i?
9
Let u = -4026 - -4646. What is the remainder when u is divided by 62?
0
Suppose 12*a - 11*a - 11*d - 58 = 0, -2*a = -4*d - 116. What is the remainder when 1348 is divided by a?
14
Let z(x) = -1150*x - 225. Calculate the remainder when z(-2) is divided by 65.
60
Let f(h) = 13*h**2 - h - 1. Let u be f(-1). Let l = -5 + u. Suppose 4*g = l*g - 100. What is the remainder when 96 is divided by g?
21
Let j = -1326 + 1347. What is the remainder when 159 is divided by j?
12
Let c(y) = y**3 + 86*y**2 + 550*y + 150. What is the remainder when c(-79) is divided by 49?
44
Suppose 5*u = 4*z - 445, z - 33 = -4*u + 94. What is the remainder when z is divided by 5550/330 + (-4)/(-22)?
13
Calculate the remainder when 199 is divided by -2 + (-500)/(-16) - 30/120.
25
Suppose 1465 = 71*j - 5706. Calculate the remainder when 792 is divided by j.
85
Let q be (-4)/10 - (3 + 51/(-15)). Suppose q*i = 4*i + 232. What is the remainder when (-8)/(8/2) - i is divided by 15?
11
Calculate the remainder when 5161 is divided by (-81)/(-12)*(1026/81 - 10).
13
Let u = 19922 + -15187. What is the remainder when u is divided by 128?
127
Let t = -422 - -703. Let o = -275 + t. What is the remainder when 58 is divided by o?
4
Let b be (12/(-30))/(1/5). Calculate the remainder when (5/(-5) + b)*(-202)/6 is divided by 34.
33
Suppose 5*f - 44 = 3*f. Let k be (-164)/(-28) + 6/42. Suppose 343 = k*m - 173. What is the remainder when m is divided by f?
20
Let s(r) = -5 - 3 + 240*r**3 + 41 - 118*r**3 + 7*r**2 - 123*r**3 - 12*r. What is the remainder when 89 is divided by s(5)?
20
Calculate the remainder when 253 is divided by (-1 + 42/28)*238.
15
Suppose 0 = -3*q - 9, 15*q = -j + 20*q + 15. Let z = j - -18. What is the remainder when 30 is divided by z?
12
Let i(n) = 4*n**2 + 8*n**2 - 6 - 4*n + 9*n**2 + 3. Let q = -623 - -621. What is the remainder when i(q) is divided by 10?
9
Let w = -5409 - -5493. What is the remainder when 1006 is divided by w?
82
Let d(s) = 12*s - 30*s + 27 + 2*s - 15*s. Calculate the remainder when d(-5) is divided by 61.
60
Suppose 0 = -2*m - 3*n + 86, -m - 137*n = -142*n - 30. Calculate the remainder when 2150 is divided by m.
30
Let z = 227 - 134. Let h(u) = -2*u**3 + 44*u**2 - 223*u + 207. Calculate the remainder when z is divided by h(15).
9
Let x(h) be the third derivative of -h**4/4 - 2*h**3 - 4*h**2 + 14. Calculate the remainder when 70 is divided by x(-4).
10
Suppose 239*m - 275*m = -4680. Let s(g) = g + 3. Let j be s(2). Suppose j*x - 49 - 61 = 0. What is the remainder when m is divided by x?
20
Suppose 16*c = 569 + 311. Let t(o) = 2*o**3 - 109*o**2 - 55*o + 189. Calculate the remainder when t(c) is divided by 6.
3
Let h = 321 + -69. Suppose 0 = -0*k + 9*k - h. Calculate the remainder when k is divided by 6.
4
Let j be -5 - 16*3/(-6). Let a(f) = 15*f**2 + 5*f - 2*f**2 + 1 - 10*f**2 - 4*f**2. What is the remainder when a(j) is divided by 4?
3
Let d(m) = m**2 + 62*m + 594. Calculate the remainder when d(-11) is divided by 15.
3
Let l = 1437 - 1196. Calculate the remainder when 727 is divided by l.
4
Let k(u) = -u - 2. Let a(s) = 1. Let j(d) = 6*a(d) + k(d). Let v be j(6). Calculate the remainder when v/(-3)*801/6 is divided by 13.
11
Let g be (2 - 1)*(-7 + 21). Suppose g*u - 15*u + 179 = 0. Let l = 641 + -611. What is the remainder when u is divided by l?
29
Suppose 7*c = 9*c - 10. Suppose -c*q = -8 - 12. Suppose 3*z = 22 - 7, q*g + z - 109 = 0. Calculate the remainder when 101 is divided by g.
23
Let t be 3/((-1)/10*2). Let g = t - 27. Let q = g + 44. Calculate the remainder when q is divided by 1.
0
Let p = -24 + 43. What is the remainder when ((-16)/(-6))/((-328)/(-10947)) is divided by p?
13
Suppose -5*v + 2387 - 2516 = -3*h, 3*h = 2*v + 129. What is the remainder when 850 is divided by h?
33
Let g = -186 + 465. Suppose 0 = 4*u - 711 + g. Calculate th